 299468 a multiple of 338?
True
Is 12 a factor of 46523?
False
Is 18 a factor of 1439838?
True
Is 723 a factor of 93954?
False
Is 352640 a multiple of 20?
True
Does 25 divide 158175?
True
Is 594 a factor of 9255114?
True
Is 10 a factor of 868450?
True
Does 102 divide 503094?
False
Does 61 divide 31537?
True
Does 19 divide 56601?
True
Is 317 a factor of 131851?
False
Is 176564 a multiple of 15?
False
Does 215 divide 149855?
True
Does 5 divide 6304990?
True
Does 107 divide 323889?
True
Is 88 a factor of 16280?
True
Is 9 a factor of 120426?
False
Is 387 a factor of 81657?
True
Does 12 divide 1827348?
True
Does 31 divide 390221?
False
Is 377726 a multiple of 33?
False
Is 10163087 a multiple of 970?
False
Is 536 a factor of 5641936?
True
Is 48 a factor of 9345264?
True
Is 18 a factor of 418976?
False
Does 76 divide 446681?
False
Is 4184163 a multiple of 167?
False
Is 28 a factor of 828072?
True
Is 133 a factor of 5363480?
False
Does 8 divide 341018?
False
Is 7627050 a multiple of 24?
False
Does 340 divide 1211927?
False
Is 2111065 a multiple of 11?
True
Is 36 a factor of 40069?
False
Is 2370276 a multiple of 108?
True
Is 130 a factor of 3468731?
False
Is 949 a factor of 2022319?
True
Does 34 divide 38709?
False
Is 47 a factor of 6272082?
False
Is 62 a factor of 41306?
False
Does 31 divide 206813?
False
Is 4414145 a multiple of 122?
False
Is 15853 even?
False
Is 1401273 a multiple of 408?
False
Is 19096 a multiple of 7?
True
Is 2 a factor of 10259?
False
Is 23237 a multiple of 70?
False
Is 15 a factor of 168300?
True
Is 558 a factor of 12695048?
False
Is 5623497 a multiple of 781?
False
Is 5 a factor of 4559860?
True
Does 101 divide 509848?
True
Is 83 a factor of 100596?
True
Does 154 divide 20376?
False
Is 266 a factor of 1265010?
False
Is 5978869 a multiple of 74?
False
Is 2990526 a multiple of 33?
True
Is 23 a factor of 2241292?
False
Does 13 divide 312?
True
Does 4 divide 257028?
True
Is 5108382 a multiple of 228?
False
Is 3155510 a multiple of 302?
False
Is 461848 a multiple of 4?
True
Is 2055475 a multiple of 25?
True
Is 21 a factor of 74760?
True
Does 59 divide 5690?
False
Does 45 divide 1218240?
True
Is 723 a factor of 1245153?
False
Is 4732652 a multiple of 10?
False
Is 2313400 a multiple of 344?
True
Is 466508 a multiple of 4?
True
Is 196366 a multiple of 333?
False
Does 1708 divide 2625196?
True
Does 25 divide 122925?
True
Is 61 a factor of 11051675?
True
Does 6 divide 217507?
False
Is 3 a factor of 9841?
False
Is 12 a factor of 69146?
False
Does 466 divide 599257?
False
Does 90 divide 618840?
True
Is 11 a factor of 105843?
False
Is 405 a factor of 3717371?
False
Does 1372 divide 17280340?
True
Does 28 divide 18330?
False
Is 204545 a multiple of 53?
False
Does 2242 divide 10447385?
False
Is 14 a factor of 1804586?
True
Is 201 a factor of 515786?
False
Is 931451 a multiple of 15?
False
Is 896318 a multiple of 925?
False
Is 124 a factor of 59644?
True
Does 91 divide 93457?
True
Is 26357 a multiple of 8?
False
Is 17 a factor of 1176451?
True
Does 30 divide 221370?
True
Is 744903 a multiple of 47?
True
Is 22 a factor of 248292?
True
Is 249 a factor of 3600875?
False
Does 11 divide 806652?
True
Does 2 divide 55725?
False
Does 20 divide 9643094?
False
Is 226 a factor of 135148?
True
Does 38 divide 67146?
True
Is 162 a factor of 10633356?
True
Is 378 a factor of 709128?
True
Is 51 a factor of 200328?
True
Does 217 divide 189658?
True
Is 135298 a multiple of 122?
True
Is 2549062 a multiple of 104?
False
Does 43 divide 194833?
True
Is 194914 a multiple of 295?
False
Does 8 divide 4002192?
True
Is 3262014 a multiple of 7?
True
Does 33 divide 57616?
False
Is 478 a factor of 5820758?
False
Is 88572 a multiple of 244?
True
Is 6146934 a multiple of 46?
True
Does 240 divide 15179?
False
Is 737419 a multiple of 787?
True
Is 1537757 a multiple of 78?
False
Is 4 a factor of 181788?
True
Does 113 divide 154697?
True
Is 231 a factor of 119658?
True
Is 1867500 a multiple of 375?
True
Does 13 divide 35516?
True
Does 19 divide 9757211?
False
Is 624 a factor of 5028123?
False
Is 151 a factor of 6452808?
False
Does 74 divide 620464?
False
Is 68 a factor of 12075894?
False
Is 3 a factor of 122680?
False
Does 45 divide 2289355?
False
Is 401150 a multiple of 50?
True
Is 12048 a multiple of 16?
True
Does 3 divide 12621?
True
Is 97996 a multiple of 32?
False
Is 30 a factor of 54690?
True
Does 413 divide 270853?
False
Is 362 a factor of 2523336?
False
Does 64 divide 1122560?
True
Is 3584393 a multiple of 241?
True
Is 71 a factor of 261422?
True
Is 11 a factor of 1328765?
False
Does 357 divide 5863725?
True
Is 1146150 a multiple of 126?
False
Is 804026 a multiple of 89?
True
Is 382 a factor of 1911901?
False
Does 96 divide 1000401?
False
Does 11 divide 45584?
True
Does 24 divide 511738?
False
Does 216 divide 58925?
False
Is 12620111 a multiple of 431?
True
Is 47 a factor of 8792304?
False
Does 11 divide 810854?
True
Is 162360 a multiple of 246?
True
Is 1260 a factor of 210420?
True
Does 106 divide 64464?
False
Is 55 a factor of 613470?
True
Is 4 a factor of 4928?
True
Does 278 divide 598256?
True
Does 10 divide 2045933?
False
Does 12 divide 650485?
False
Does 9 divide 763020?
True
Is 10 a factor of 542190?
True
Does 261 divide 2871?
True
Does 1178 divide 2631362?
False
Is 159 a factor of 891195?
True
Does 7 divide 4684534?
False
Is 29 a factor of 75930?
False
Is 301 a factor of 49586?
False
Is 502216 a multiple of 26?
True
Is 1030 a factor of 3913175?
False
Is 1926410 a multiple of 190?
True
Is 41575 a multiple of 17?
False
Is 20905 a multiple of 14?
False
Does 13 divide 452948?
False
Does 10 divide 75936?
False
Does 48 divide 2460483?
False
Does 22 divide 78100?
True
Does 9 divide 2611043?
False
Is 27 a factor of 100217?
False
Is 7 a factor of 723086?
True
Is 69069 a multiple of 231?
True
Does 122 divide 450794?
False
Is 162802 a multiple of 424?
False
Is 107 a factor of 1532668?
True
Does 6 divide 159804?
True
Is 16 a factor of 366112?
True
Is 1030536 a multiple of 78?
True
Is 388381 a multiple of 7?
True
Is 186 a factor of 7812?
True
Is 35 a factor of 128380?
True
Does 158 divide 4069631?
False
Is 136607 a multiple of 2?
False
Is 642396 a multiple of 67?
True
Is 272 a factor of 730510?
False
Does 36 divide 53626?
False
Is 50 a factor of 87177?
False
Does 78 divide 5025516?
False
Is 774942 a multiple of 3?
True
Does 89 divide 355644?
True
Does 15 divide 937725?
True
Is 57444 a multiple of 6?
True
Is 735414 a multiple of 3?
True
Is 126576 a multiple of 36?
True
Is 1140164 a multiple of 69?
False
Is 77 a factor of 670978?
True
Is 928416 a multiple of 12?
True
Is 1049888 a multiple of 9?
False
Is 15 a factor of 7566120?
True
Is 733 a factor of 6247991?
False
Is 47 a factor of 908087?
True
Does 2 divide 1932538?
True
Does 324 divide 1247052?
False
Is 7 a factor of 486955?
True
Is 717759 a multiple of 378?
False
Is 4 a factor of 56552?
True
Is 183015 a multiple of 7?
True
Is 80 a factor of 1650116?
False
Does 52 divide 352696?
False
Does 4 divide 1078294?
False
Does 36 divide 915120?
True
Does 26 divide 768026?
False
Is 151459 a multiple of 5?
False
Is 300655 a multiple of 69?
False
Is 490830 even?
True
Is 3411084 a multiple of 69?
True
Is 13 a factor of 100757?
False
Does 11 divide 40755?
True
Does 11 divide 1420238?
False
Is 38 a factor of 92340?
True
Is 175 a factor of 110259?
False
Is 1590550 a multiple of 130?
True
Is 180 a factor of 2205089?
False
Does 156 divide 1632106?
False
Is 1190 a factor of 2650130?
True
Does 16 divide 2176?
True
Is 190 a factor of 13872850?
True
Is 53 a factor of 12244982?
False
Is 85 a factor of 377145?
True
Is 108050 a multiple of 10?
True
Is 126 a factor of 1764378?
True
Does 6 divide 405761?
False
Is 61 a factor of 3357867?
True
Is 33598 a multiple of 5?
False
Is 1314212 a multiple of 404?
True
Is 8613 a multiple of 5?
False
Is 94552 a multiple of 6?
False
Does 766 divide 496837?
False
Is 156 a factor of 366600?
True
Does 163 divide 6188204?
False
Is 454 a factor of 195220?
True
Is 1339560 a multiple of 40?
True
Is 3700221 a multiple of 21?
True
Is 26062 a multiple of 113?
False
Is 18 a factor of 1717272?
True
Is 14 a factor of 313171?
False
Is 716915 a multiple of 100?
False
Is 7 a factor of 65852?
False
Is 3759383 a multiple of 28?